{"id":126,"date":"2020-11-11T18:03:47","date_gmt":"2020-11-11T16:03:47","guid":{"rendered":"https:\/\/staging.lanscape.de\/?page_id=126"},"modified":"2021-06-10T16:06:53","modified_gmt":"2021-06-10T14:06:53","slug":"home","status":"publish","type":"page","link":"https:\/\/lanscape.de\/","title":{"rendered":"Home"},"content":{"rendered":"\n<div class=\"wp-block-cover alignfull has-background-dim has-parallax is-position-center-center\" style=\"background-image:url(https:\/\/lanscape.de\/wp-content\/uploads\/2020\/11\/pexels-adrien-olichon-3137064-edited-scaled.jpg);min-height:665px;aspect-ratio:unset;\"><div class=\"wp-block-cover__inner-container is-layout-flow wp-block-cover-is-layout-flow\">\n<p class=\"has-text-align-center has-large-font-size\">Lanscape Netzwerkdienste<\/p>\n\n\n\n<p class=\"has-text-align-center\">Ihr Partner f\u00fcr Alles rund um Servereinrichtung- und Betrieb, Web- und Mailhosting und vieles mehr!<\/p>\n<\/div><\/div>\n\n\n\n<div style=\"height:30px\" aria-hidden=\"true\" class=\"wp-block-spacer\"><\/div>\n\n\n\n<div class=\"wp-block-columns are-vertically-aligned-center is-layout-flex wp-container-core-columns-is-layout-9d6595d7 wp-block-columns-is-layout-flex\">\n<div class=\"wp-block-column is-vertically-aligned-center is-layout-flow wp-block-column-is-layout-flow\" style=\"flex-basis:35%\">\n<div class=\"wp-block-image\"><figure class=\"aligncenter size-large is-resized\"><img loading=\"lazy\" decoding=\"async\" src=\"https:\/\/lanscape.de\/wp-content\/uploads\/2020\/11\/006-language.png\" alt=\"\" class=\"wp-image-153\" width=\"256\" height=\"256\" srcset=\"https:\/\/lanscape.de\/wp-content\/uploads\/2020\/11\/006-language.png 480w, https:\/\/lanscape.de\/wp-content\/uploads\/2020\/11\/006-language-300x300.png 300w, https:\/\/lanscape.de\/wp-content\/uploads\/2020\/11\/006-language-150x150.png 150w\" sizes=\"auto, (max-width: 256px) 100vw, 256px\" \/><\/figure><\/div>\n<\/div>\n\n\n\n<div class=\"wp-block-column is-vertically-aligned-center is-layout-flow wp-block-column-is-layout-flow\">\n<h2 class=\"has-text-align-center wp-block-heading\">Webhosting<\/h2>\n\n\n\n<p>Sie ben\u00f6tigen noch eine eigene Website, eine Domain oder ein paar Postf\u00e4cher? Auch hier k\u00f6nnen wir ihnen helfen. In verschiedenen Tarifen bieten wir ihnen das Hosting von Websites und die Bereitstellung von Webmail an. Auch hier helfen wir nat\u00fcrlich bei der Einrichtung oder Migration. <a href=\"https:\/\/lanscape.de\/index.php\/services\/webhosting-2\/\" data-type=\"page\" data-id=\"179\">Weiter lesen&#8230;<\/a><\/p>\n<\/div>\n<\/div>\n\n\n\n<hr class=\"wp-block-separator is-style-wide\"\/>\n\n\n\n<div class=\"wp-block-columns is-layout-flex wp-container-core-columns-is-layout-9d6595d7 wp-block-columns-is-layout-flex\">\n<div class=\"wp-block-column is-vertically-aligned-center is-layout-flow wp-block-column-is-layout-flow\">\n<h1 class=\"has-text-align-center wp-block-heading\">Servereinrichtung und -wartung<\/h1>\n\n\n\n<p>Wir richten bei ihnen vor Ort Server ein, damit sie sich nicht darum k\u00fcmmern brauchen. Dazu geh\u00f6rt nat\u00fcrlich der Windows-Server als Herz eines jeden Firmennetzwerkes, sowie eine Firewall und die n\u00f6tige High-Availability und Virtualisierung, damit sie in jedem Fall arbeiten k\u00f6nnen.<\/p>\n\n\n\n<p>F\u00fcr kleinere Firmen, die nicht alle Features eines Windows-Server ben\u00f6tigen, richten wir auch gern andere L\u00f6sungen, zum Beispiel auf Basis Synology ein.<\/p>\n<\/div>\n\n\n\n<div class=\"wp-block-column is-layout-flow wp-block-column-is-layout-flow\" style=\"flex-basis:35%\">\n<div class=\"wp-block-image\"><figure class=\"aligncenter size-large is-resized\"><img loading=\"lazy\" decoding=\"async\" src=\"https:\/\/lanscape.de\/wp-content\/uploads\/2020\/11\/Capa_1.png\" alt=\"\" class=\"wp-image-150\" width=\"256\" height=\"256\" srcset=\"https:\/\/lanscape.de\/wp-content\/uploads\/2020\/11\/Capa_1.png 512w, https:\/\/lanscape.de\/wp-content\/uploads\/2020\/11\/Capa_1-300x300.png 300w, https:\/\/lanscape.de\/wp-content\/uploads\/2020\/11\/Capa_1-150x150.png 150w\" sizes=\"auto, (max-width: 256px) 100vw, 256px\" \/><\/figure><\/div>\n\n\n\n<p><\/p>\n<\/div>\n<\/div>\n\n\n\n<hr class=\"wp-block-separator is-style-wide\"\/>\n\n\n\n<div class=\"wp-block-columns are-vertically-aligned-center is-layout-flex wp-container-core-columns-is-layout-9d6595d7 wp-block-columns-is-layout-flex\">\n<div class=\"wp-block-column is-vertically-aligned-center is-layout-flow wp-block-column-is-layout-flow\" style=\"flex-basis:35%\">\n<div class=\"wp-block-image\"><figure class=\"aligncenter size-large is-resized\"><img loading=\"lazy\" decoding=\"async\" src=\"https:\/\/lanscape.de\/wp-content\/uploads\/2020\/11\/Layer_5.png\" alt=\"\" class=\"wp-image-149\" width=\"256\" height=\"256\" srcset=\"https:\/\/lanscape.de\/wp-content\/uploads\/2020\/11\/Layer_5.png 512w, https:\/\/lanscape.de\/wp-content\/uploads\/2020\/11\/Layer_5-300x300.png 300w, https:\/\/lanscape.de\/wp-content\/uploads\/2020\/11\/Layer_5-150x150.png 150w\" sizes=\"auto, (max-width: 256px) 100vw, 256px\" \/><\/figure><\/div>\n\n\n\n<p><\/p>\n<\/div>\n\n\n\n<div class=\"wp-block-column is-vertically-aligned-center is-layout-flow wp-block-column-is-layout-flow\">\n<h2 class=\"has-text-align-center wp-block-heading\">Office 365 &amp; Cloud-Services<\/h2>\n\n\n\n<p>Au\u00dferdem richten wir f\u00fcr sie Office 365 ein, und k\u00fcmmern uns darum, dass sie alle neusten Services, wie zum Beispiel Teams, nutzen und verwalten k\u00f6nnen. Auch k\u00f6nnen wir f\u00fcr sie Migrationen von einer lokalen Dom\u00e4ne zu einer Office 365 Dom\u00e4ne durchf\u00fchren.<\/p>\n<\/div>\n<\/div>\n\n\n\n<hr class=\"wp-block-separator is-style-wide\"\/>\n\n\n\n<div class=\"wp-block-columns are-vertically-aligned-center is-layout-flex wp-container-core-columns-is-layout-9d6595d7 wp-block-columns-is-layout-flex\">\n<div class=\"wp-block-column is-vertically-aligned-center is-layout-flow wp-block-column-is-layout-flow\" style=\"flex-basis:65%\">\n<h2 class=\"has-text-align-center wp-block-heading\">Backup und Datensicherung<\/h2>\n\n\n\n<p>Wir bieten ihnen an, eine Datensicherung der Microsoft Cloud zu Ihnen zu holen, damit sie immer einen aktuellen Stand ihrer Daten vor Ort verf\u00fcgbar haben. Auch k\u00f6nnen wir ihre lokalen Daten zu uns, in unser Rechenzentrum, sichern und im Fall einer Katastrophe wieder herstellen.<\/p>\n<\/div>\n\n\n\n<div class=\"wp-block-column is-vertically-aligned-center is-layout-flow wp-block-column-is-layout-flow\">\n<div class=\"wp-block-image\"><figure class=\"aligncenter size-large is-resized\"><img loading=\"lazy\" decoding=\"async\" src=\"https:\/\/lanscape.de\/wp-content\/uploads\/2020\/11\/Capa_1-2.png\" alt=\"\" class=\"wp-image-152\" width=\"256\" height=\"256\" srcset=\"https:\/\/lanscape.de\/wp-content\/uploads\/2020\/11\/Capa_1-2.png 512w, https:\/\/lanscape.de\/wp-content\/uploads\/2020\/11\/Capa_1-2-300x300.png 300w, https:\/\/lanscape.de\/wp-content\/uploads\/2020\/11\/Capa_1-2-150x150.png 150w\" sizes=\"auto, (max-width: 256px) 100vw, 256px\" \/><\/figure><\/div>\n<\/div>\n<\/div>\n\n\n\n<hr class=\"wp-block-separator is-style-wide\"\/>\n\n\n\n<p class=\"has-text-align-center\">Haben wir ihr Interesse geweckt? Kontaktieren sie uns doch!<\/p>\n\n\n\n<div class=\"wpcf7 no-js\" id=\"wpcf7-f110-o1\" lang=\"de-DE\" dir=\"ltr\" data-wpcf7-id=\"110\">\n<div class=\"screen-reader-response\"><p role=\"status\" aria-live=\"polite\" aria-atomic=\"true\"><\/p> <ul><\/ul><\/div>\n<form action=\"\/index.php\/wp-json\/wp\/v2\/pages\/126#wpcf7-f110-o1\" method=\"post\" class=\"wpcf7-form init\" aria-label=\"Kontaktformular\" novalidate=\"novalidate\" data-status=\"init\">\n<fieldset class=\"hidden-fields-container\"><input type=\"hidden\" name=\"_wpcf7\" value=\"110\" \/><input type=\"hidden\" name=\"_wpcf7_version\" value=\"6.1.2\" \/><input type=\"hidden\" name=\"_wpcf7_locale\" value=\"de_DE\" \/><input type=\"hidden\" name=\"_wpcf7_unit_tag\" value=\"wpcf7-f110-o1\" \/><input type=\"hidden\" name=\"_wpcf7_container_post\" value=\"0\" \/><input type=\"hidden\" name=\"_wpcf7_posted_data_hash\" value=\"\" \/><input type=\"hidden\" name=\"_wpcf7_recaptcha_response\" value=\"\" \/>\n<\/fieldset>\n<p><label> Ihr Name (Pflichtfeld)<br \/>\n<span class=\"wpcf7-form-control-wrap\" data-name=\"your-name\"><input size=\"40\" maxlength=\"400\" class=\"wpcf7-form-control wpcf7-text wpcf7-validates-as-required\" aria-required=\"true\" aria-invalid=\"false\" value=\"\" type=\"text\" name=\"your-name\" \/><\/span> <\/label>\n<\/p>\n<p><label> Ihre E-Mail-Adresse (Pflichtfeld)<br \/>\n<span class=\"wpcf7-form-control-wrap\" data-name=\"email\"><input size=\"40\" maxlength=\"400\" class=\"wpcf7-form-control wpcf7-email wpcf7-validates-as-required wpcf7-text wpcf7-validates-as-email\" aria-required=\"true\" aria-invalid=\"false\" value=\"\" type=\"email\" name=\"email\" \/><\/span> <\/label>\n<\/p>\n<p><label> Betreff (Pflichtfeld)<br \/>\n<span class=\"wpcf7-form-control-wrap\" data-name=\"subject\"><input size=\"40\" maxlength=\"400\" class=\"wpcf7-form-control wpcf7-text wpcf7-validates-as-required\" aria-required=\"true\" aria-invalid=\"false\" value=\"\" type=\"text\" name=\"subject\" \/><\/span> <\/label>\n<\/p>\n<p><label> Ihre Nachricht (Pflichtfeld)<br \/>\n<span class=\"wpcf7-form-control-wrap\" data-name=\"message\"><textarea cols=\"40\" rows=\"10\" maxlength=\"2000\" class=\"wpcf7-form-control wpcf7-textarea wpcf7-validates-as-required\" aria-required=\"true\" aria-invalid=\"false\" name=\"message\"><\/textarea><\/span> <\/label>\n<\/p>\n<p><input class=\"wpcf7-form-control wpcf7-submit has-spinner\" type=\"submit\" value=\"Senden\" \/>\n<\/p><div class=\"wpcf7-response-output\" aria-hidden=\"true\"><\/div>\n<\/form>\n<\/div>\n\n\n\n\n<p><\/p>\n","protected":false},"excerpt":{"rendered":"<p>Webhosting Sie ben\u00f6tigen noch eine eigene Website, eine Domain oder ein paar Postf\u00e4cher? Auch hier k\u00f6nnen wir ihnen helfen. In verschiedenen Tarifen bieten wir ihnen das Hosting von Websites und die Bereitstellung von Webmail an. Auch hier helfen wir nat\u00fcrlich bei der Einrichtung oder Migration. Weiter lesen&#8230; Servereinrichtung und -wartung Wir richten bei ihnen vor&hellip;&nbsp;<a href=\"https:\/\/lanscape.de\/\" rel=\"bookmark\">Weiterlesen &raquo;<span class=\"screen-reader-text\">Home<\/span><\/a><\/p>\n","protected":false},"author":1,"featured_media":0,"parent":0,"menu_order":0,"comment_status":"closed","ping_status":"closed","template":"","meta":{"neve_meta_sidebar":"full-width","neve_meta_container":"default","neve_meta_enable_content_width":"","neve_meta_content_width":0,"neve_meta_title_alignment":"center","neve_meta_author_avatar":"","neve_post_elements_order":"","neve_meta_disable_header":"off","neve_meta_disable_footer":"","neve_meta_disable_title":"on","footnotes":""},"class_list":["post-126","page","type-page","status-publish","hentry"],"_links":{"self":[{"href":"https:\/\/lanscape.de\/index.php\/wp-json\/wp\/v2\/pages\/126","targetHints":{"allow":["GET"]}}],"collection":[{"href":"https:\/\/lanscape.de\/index.php\/wp-json\/wp\/v2\/pages"}],"about":[{"href":"https:\/\/lanscape.de\/index.php\/wp-json\/wp\/v2\/types\/page"}],"author":[{"embeddable":true,"href":"https:\/\/lanscape.de\/index.php\/wp-json\/wp\/v2\/users\/1"}],"replies":[{"embeddable":true,"href":"https:\/\/lanscape.de\/index.php\/wp-json\/wp\/v2\/comments?post=126"}],"version-history":[{"count":16,"href":"https:\/\/lanscape.de\/index.php\/wp-json\/wp\/v2\/pages\/126\/revisions"}],"predecessor-version":[{"id":209,"href":"https:\/\/lanscape.de\/index.php\/wp-json\/wp\/v2\/pages\/126\/revisions\/209"}],"wp:attachment":[{"href":"https:\/\/lanscape.de\/index.php\/wp-json\/wp\/v2\/media?parent=126"}],"curies":[{"name":"wp","href":"https:\/\/api.w.org\/{rel}","templated":true}]}}